{"id":15,"date":"2024-04-03T12:23:00","date_gmt":"2024-04-03T12:23:00","guid":{"rendered":"https:\/\/konelink.fi\/?page_id=15"},"modified":"2024-05-27T17:32:55","modified_gmt":"2024-05-27T17:32:55","slug":"palvelut","status":"publish","type":"page","link":"https:\/\/konelink.fi\/?page_id=15","title":{"rendered":"Palvelut"},"content":{"rendered":"\n<p>Valitessanne meid\u00e4t, saatte kumppanin, joka v\u00e4litt\u00e4\u00e4 projektinne onnistumisesta yht\u00e4 paljon kuin te itse. Tavoitteenamme on tarjota kest\u00e4vi\u00e4, luotettavia ja kustannustehokkaita ratkaisuja, jotka ylitt\u00e4v\u00e4t odotuksenne.<\/p>\n\n\n\n<p><\/p>\n\n\n\n<p><\/p>\n\n\n\n<figure class=\"wp-block-embed is-type-video is-provider-youtube wp-block-embed-youtube wp-embed-aspect-16-9 wp-has-aspect-ratio\"><div class=\"wp-block-embed__wrapper\">\n<iframe loading=\"lazy\" title=\"Konelink\" width=\"1200\" height=\"675\" src=\"https:\/\/www.youtube.com\/embed\/Lyj-J6S6HSw?feature=oembed\" frameborder=\"0\" allow=\"accelerometer; autoplay; clipboard-write; encrypted-media; gyroscope; picture-in-picture; web-share\" referrerpolicy=\"strict-origin-when-cross-origin\" allowfullscreen><\/iframe>\n<\/div><\/figure>\n","protected":false},"excerpt":{"rendered":"<p>Valitessanne meid\u00e4t, saatte kumppanin, joka v\u00e4litt\u00e4\u00e4 projektinne onnistumisesta yht\u00e4 paljon kuin te itse. Tavoitteenamme on tarjota kest\u00e4vi\u00e4, luotettavia ja kustannustehokkaita ratkaisuja, jotka ylitt\u00e4v\u00e4t odotuksenne.<\/p>\n","protected":false},"author":1,"featured_media":0,"parent":0,"menu_order":0,"comment_status":"closed","ping_status":"closed","template":"","meta":{"footnotes":""},"class_list":["post-15","page","type-page","status-publish"],"_links":{"self":[{"href":"https:\/\/konelink.fi\/index.php?rest_route=\/wp\/v2\/pages\/15","targetHints":{"allow":["GET"]}}],"collection":[{"href":"https:\/\/konelink.fi\/index.php?rest_route=\/wp\/v2\/pages"}],"about":[{"href":"https:\/\/konelink.fi\/index.php?rest_route=\/wp\/v2\/types\/page"}],"author":[{"embeddable":true,"href":"https:\/\/konelink.fi\/index.php?rest_route=\/wp\/v2\/users\/1"}],"replies":[{"embeddable":true,"href":"https:\/\/konelink.fi\/index.php?rest_route=%2Fwp%2Fv2%2Fcomments&post=15"}],"version-history":[{"count":4,"href":"https:\/\/konelink.fi\/index.php?rest_route=\/wp\/v2\/pages\/15\/revisions"}],"predecessor-version":[{"id":54,"href":"https:\/\/konelink.fi\/index.php?rest_route=\/wp\/v2\/pages\/15\/revisions\/54"}],"wp:attachment":[{"href":"https:\/\/konelink.fi\/index.php?rest_route=%2Fwp%2Fv2%2Fmedia&parent=15"}],"curies":[{"name":"wp","href":"https:\/\/api.w.org\/{rel}","templated":true}]}}