{"id":2,"date":"2024-03-25T19:22:19","date_gmt":"2024-03-25T19:22:19","guid":{"rendered":"https:\/\/konelink.fi\/?page_id=2"},"modified":"2024-05-27T17:42:18","modified_gmt":"2024-05-27T17:42:18","slug":"sample-page","status":"publish","type":"page","link":"https:\/\/konelink.fi\/","title":{"rendered":"Etusivu"},"content":{"rendered":"\n<h2 class=\"wp-block-heading\">Vankkaa osaamista koneurakoinnissa<strong>.<\/strong><\/h2>\n\n\n\n<p>Olemme luotettava ja kokenut toimija, joka on ollut vahvasti l\u00e4sn\u00e4 koneurakoinnissa it\u00e4-Uudellamaalla. Luotettavuus, laatu ja asiakasl\u00e4ht\u00f6isyys ovat arvojamme, jotka ohjaavat jokaista ty\u00f6vaihetta. Olemme sitoutuneet tarjoamaan kest\u00e4vi\u00e4 ja luotettavia ratkaisuja \u2013 aina tinkim\u00e4tt\u00f6m\u00e4ll\u00e4 ammattitaidolla.<\/p>\n\n\n\n<h2 class=\"wp-block-heading\">Ammattitaitoinen henkil\u00f6st\u00f6mme ja kalusto takaavat onnistumisen niin isoissa kuin pieniss\u00e4 urakoissa.<\/h2>\n\n\n\n<p>Olemme toteuttaneet laajan kirjon suuria ja pieni\u00e4 projekteja. Voimmekin iloita t\u00e4st\u00e4 monipuolisesta kokemuksesta, jonka ansioista olemme ker\u00e4nneet arvostusta hyvin tehdyst\u00e4 ty\u00f6st\u00e4.<\/p>\n\n\n\n<p>T\u00e4rkeint\u00e4 meille on, ett\u00e4 jokainen projekti saa saman sitoutumisen ja tinkim\u00e4tt\u00f6m\u00e4n laadun riippumatta siit\u00e4, onko kyseess\u00e4 pienempi paikallinen hanke vai laajempi urakka. Asiakkaidemme tyytyv\u00e4isyys on ollut palkintomme ja se on osoittanut, ett\u00e4 olemme luotettava ja vankka kumppani jokaiselle projektille.<\/p>\n\n\n\n<figure class=\"wp-block-embed is-type-video is-provider-youtube wp-block-embed-youtube wp-embed-aspect-16-9 wp-has-aspect-ratio\"><div class=\"wp-block-embed__wrapper\">\n<iframe loading=\"lazy\" title=\"Konelink\" width=\"1200\" height=\"675\" src=\"https:\/\/www.youtube.com\/embed\/-yOJUTOq9jI?feature=oembed\" frameborder=\"0\" allow=\"accelerometer; autoplay; clipboard-write; encrypted-media; gyroscope; picture-in-picture; web-share\" referrerpolicy=\"strict-origin-when-cross-origin\" allowfullscreen><\/iframe>\n<\/div><\/figure>\n","protected":false},"excerpt":{"rendered":"<p>Vankkaa osaamista koneurakoinnissa. Olemme luotettava ja kokenut toimija, joka on ollut vahvasti l\u00e4sn\u00e4 koneurakoinnissa it\u00e4-Uudellamaalla. Luotettavuus, laatu ja asiakasl\u00e4ht\u00f6isyys ovat arvojamme, jotka ohjaavat jokaista ty\u00f6vaihetta. Olemme sitoutuneet tarjoamaan kest\u00e4vi\u00e4 ja luotettavia ratkaisuja \u2013 aina tinkim\u00e4tt\u00f6m\u00e4ll\u00e4 ammattitaidolla. Ammattitaitoinen henkil\u00f6st\u00f6mme ja kalusto takaavat onnistumisen niin isoissa kuin pieniss\u00e4 urakoissa. Olemme toteuttaneet laajan kirjon suuria ja pieni\u00e4 projekteja. &#8230; <a title=\"Etusivu\" class=\"read-more\" href=\"https:\/\/konelink.fi\/\">Read more<span class=\"screen-reader-text\">Etusivu<\/span><\/a><\/p>\n","protected":false},"author":1,"featured_media":0,"parent":0,"menu_order":0,"comment_status":"closed","ping_status":"open","template":"","meta":{"footnotes":""},"class_list":["post-2","page","type-page","status-publish"],"_links":{"self":[{"href":"https:\/\/konelink.fi\/index.php?rest_route=\/wp\/v2\/pages\/2","targetHints":{"allow":["GET"]}}],"collection":[{"href":"https:\/\/konelink.fi\/index.php?rest_route=\/wp\/v2\/pages"}],"about":[{"href":"https:\/\/konelink.fi\/index.php?rest_route=\/wp\/v2\/types\/page"}],"author":[{"embeddable":true,"href":"https:\/\/konelink.fi\/index.php?rest_route=\/wp\/v2\/users\/1"}],"replies":[{"embeddable":true,"href":"https:\/\/konelink.fi\/index.php?rest_route=%2Fwp%2Fv2%2Fcomments&post=2"}],"version-history":[{"count":4,"href":"https:\/\/konelink.fi\/index.php?rest_route=\/wp\/v2\/pages\/2\/revisions"}],"predecessor-version":[{"id":56,"href":"https:\/\/konelink.fi\/index.php?rest_route=\/wp\/v2\/pages\/2\/revisions\/56"}],"wp:attachment":[{"href":"https:\/\/konelink.fi\/index.php?rest_route=%2Fwp%2Fv2%2Fmedia&parent=2"}],"curies":[{"name":"wp","href":"https:\/\/api.w.org\/{rel}","templated":true}]}}